base 6) in base 5?
-324301
-460 (base 12) to base 6
-3000
What is 242221 (base 5) in base 7?
35263
Convert 2256 (base 8) to base 13.
712
Convert 101001010010111 (base 2) to base 3.
1002000002
What is -125411 (base 7) in base 13?
-a92b
Convert -251 (base 14) to base 2.
-111001111
What is -577 (base 9) in base 2?
-111011011
-678 (base 16) to base 10
-1656
What is 3b10 (base 14) in base 8?
24242
Convert -13103 (base 4) to base 13.
-29c
What is -2220021 (base 3) in base 16?
-841
6a9 (base 12) to base 7
2616
What is 16a0 (base 14) in base 4?
333130
What is 77a (base 11) in base 15?
424
Convert -376 (base 11) to base 13.
-284
Convert -1250 (base 11) to base 9.
-2208
Convert -534 (base 13) to base 3.
-1012220
Convert 6272 (base 9) to base 5.
121401
What is 337 (base 11) in base 12?
297
What is 950 (base 13) in base 7?
4424
What is -3105 (base 6) in base 2?
-1010110001
100001110111000 (base 2) to base 10
17336
What is 154ab (base 13) in base 16?
9dab
Convert 2143 (base 10) to base 2.
100001011111
Convert 17687 (base 12) to base 4.
20100013
Convert -210011 (base 3) to base 14.
-2cb
Convert -41548 (base 9) to base 12.
-13a52
What is 20ed (base 15) in base 11?
526a
510 (base 6) to base 5
1221
What is -101 (base 9) in base 6?
-214
What is -363055 (base 7) in base 6?
-1225024
Convert 331030 (base 5) to base 3.
120121212
What is 2206 (base 7) in base 12?
55a
Convert -c49 (base 16) to base 8.
-6111
20320 (base 4) to base 5
4233
-704d (base 15) to base 13
-aa2c
-12003 (base 4) to base 10
-387
Convert -10042 (base 5) to base 12.
-45b
What is -109 (base 15) in base 16?
-ea
-35835 (base 10) to base 7
-206322
What is -120011002 (base 3) in base 15?
-3415
Convert 2121122 (base 3) to base 5.
30112
Convert 1113424 (base 5) to base 2.
100110110011000
-2030200 (base 4) to base 9
-13301
Convert 16755 (base 11) to base 14.
8810
-6795 (base 10) to base 11
-5118
What is 1622 (base 7) in base 9?
805
Convert 858 (base 10) to base 15.
3c3
-3531 (base 6) to base 2
-1101001111
What is -1405 (base 7) in base 4?
-20200
What is -150 (base 14) in base 9?
-325
Convert 10110001000101 (base 2) to base 6.
124245
Convert -6395 (base 14) to base 5.
-1022213
14b0 (base 12) to base 6
15140
-62 (base 9) to base 11
-51
Convert 17952 (base 10) to base 13.
822c
-1001200111 (base 3) to base 5
-1132121
-18148 (base 10) to base 6
-220004
-46533 (base 7) to base 14
-44c3
-514515 (base 6) to base 11
-28a83
d1 (base 15) to base 4
3010
Convert 11000100 (base 2) to base 11.
169
What is -1014051 (base 6) in base 2?
-1011111011001111
24332 (base 8) to base 3
112100100
What is -39b (base 13) in base 14?
-335
-243c (base 15) to base 5
-221312
What is 57362 (base 8) in base 15?
7306
What is 18050 (base 10) in base 14?
6814
-2 (base 15) to base 9
-2
5314 (base 12) to base 9
13417
What is 1bb7 (base 14) in base 7?
20520
What is -2 (base 15) in base 12?
-2
Convert 66b (base 13) to base 5.
13403
Convert -144501 (base 6) to base 16.
-36b5
What is 27a7 (base 15) in base 12?
4aaa
What is 1000120 (base 3) in base 14?
3b2
-15126 (base 7) to base 14
-174d
What is -17414 (base 8) in base 10?
-7948
Convert 2c00 (base 13) to base 7.
24503
10301 (base 5) to base 8
1275
What is -57505 (base 9) in base 12?
-1a212
Convert 5989 (base 12) to base 5.
310131
Convert -19c25 (base 15) to base 13.
-2c162
2431 (base 13) to base 12
2b5a
Convert -120110201 (base 3) to base 2.
-10110000001110
Convert 132130 (base 4) to base 3.
2200011
-4292 (base 11) to base 14
-20cb
10612 (base 7) to base 11
2039
Convert 12 (base 12) to base 10.
14
5349 (base 13) to base 10
11553
What is -11451 (base 7) in base 6?
-21440
Convert 15297 (base 10) to base 13.
6c69
What is 24c (base 14) in base 15?
20a
a53 (base 14) to base 16
7f1
-223313 (base 5) to base 6
-100502
1332525 (base 6) to base 11
50a79
Convert -4325 (base 14) to base 2.
-10110101001101
Convert -210223 (base 4) to base 15.
-a67
What is 2312210 (base 4) in base 2?
10110110100100
d56 (base 14) to base 12
1628
Convert 55 (base 14) to base 8.
113
What is -11000011 (base 2) in base 4?
-3003
What is 10340 (base 7) in base 13?
1232
Convert -2221 (base 4) to base 9.
-207
344332 (base 5) to base 2
11000010110011
Convert de5 (base 15) to base 7.
12104
Convert 9a8d (base 16) to base 10.
39565
1a0 (base 14) to base 16
150
61364 (base 9) to base 2
1001110111001100
-2006 (base 10) to base 16
-7d6
Convert -2124343 (base 5) to base 2.
-1000110101111111
-2331 (base 6) to base 8
-1057
What is -1001000100 (base 2) in base 9?
-714
What is -4667 (base 10) in base 11?
-3563
-230304 (base 7) to base 8
-120010
Convert 22203 (base 4) to base 8.
1243
What is -10111010001 (base 2) in base 6?
-10521
What is -104444 (base 5) in base 16?
-ea5
What is 3513 (base 6) in base 10?
837
Convert 6422 (base 16) to base 12.
12a02
24000 (base 6) to base 2
110110000000
What is 10100111011 (base 2) in base 10?
1339
-3504 (base 7) to base 12
-8a6
Convert -205 (base 9) to base 10.
-167
Convert -1034330 (base 5) to base 10.
-18090
-1110202201 (base 3) to base 6
-342114
2674 (base 10) to base 3
10200001
-395 (base 16) to base 12
-645
Convert 11442 (base 5) to base 4.
31220
What is -226 (base 9) in base 16?
-ba
-1001101110100010 (base 2) to base 10
-39842
Convert 684e (base 15) to base 4.
11121230
What is -111202 (base 3) in base 16?
-173
Convert 51160 (base 7) to base 4.
3002113
Convert -1b3b5 (base 15) to base 3.
-11111112022
What is -878 (base 10) in base 13?
-527
What is 119 (base 12) in base 11?
140
Convert -112100 (base 3) to base 14.
-1d9
41520 (base 7) to base 6
115130
What is 3214113 (base 5) in base 10?
54283
1143 (base 7) to base 12
2b3
Convert -4ed2 (base 16) to base 5.
-1121203
-27075 (base 9) to base 10
-18293
What is -1444 (base 5) in base 11?
-207
a375 (base 14) to base 12
14343
257 (base 8) to base 10
175
What is 340404 (base 5) in base 10?
11979
What is -6644 (base 11) in base 2?
-10001000111000
-36026 (base 8) to base 6
-155114
What is -20021 (base 3) in base 2?
-10101001
What is -13d7 (base 14) in base 5?
-103041
Convert -214 (base 16) to base 15.
-257
1366 (base 15) to base 6
31110
What is 212011120 (base 3) in base 5?
1020030
-c27d (base 16) to base 11
-34453
-101012221 (base 3) to base 4
-1310122
What is -1300 (base 6) in base 15?
-169
-10001111010101 (base 2) to base 15
-2ab8
Convert -948 (base 10) to base 2.
-1110110100
-23230 (base 5) to base 14
-88a
What is 277 (base 9) in base 5?
1412
What is -6ca (base 13) in base 3?
-1121201
-505 (base 6) to base 14
-d3
-3430 (base 9) to base 16
-9ea
Convert e6a (base 16) to base 8.
7152
-6c4 (base 16) to base 7
-5023
Convert -4307 (base 11) to base 13.
-2790
Convert -42917 (base 12) to base 5.
-10301330
Convert 33132 (base 4) to base 13.
5b2
What is -25564 (base 8) in base 10?
-11124
-12232 (base 5) to base 13
-576
What is -154 (base 6) in base 9?
-77
Convert -120 (base 3) to base 5.
-30
-1302 (base 14) to base 8
-6406
What is 3616 (base 10) in base 13?
1852
Convert 120302 (base 4) to base 16.
632
Convert -1454 (base 7) to base 13.
-356
Convert 2783 (base 10) to base 14.
102b
What is -3141 (base 8) in base 6?
-11321
What is -47d6 (base 15) in base 4?
-3232230
10010000 (base 2) to base 9
170
Convert 313 (base 9) to base 7.
513
Convert 147b2 (base 13) to base 8.
113425
Convert 215 (base 11) to base 2.
100000010
What is 7c52 (base 14) in base 11?
15286
What is 2376 (base 10) in base 2?
100101001000
Convert 220051 (base 6) to base 5.
1040200
-1321133 (base 5) to base 3
-1100020110
Convert 966 (base 13) to base 8.
3105
What is -1614 (base 8) in base 11?
-756
What is -3d (base 16) in base 2?
-111101
What is 1022111 (base 3) in base 12?
67a
What is 26094 (base 11) in base 15?
b116
What is 20548 (base 9) in base 6?
142455
Convert 10202022 (base 3) to base 11.
2067
What is -44450 (base 6) in base 9?
-8473
1536 (base 10) to base 8
3000
What is -5cd (base 15) in base 12?
-91a
What is -1e80 (base 15) in base 14?
-25c9
Convert 10313230 (base 4) to base 9.
30324
What is 7e44 (base 16) in base 13?
11936
Convert -35461 (base 7) to base 13.
-4225
Convert -122 (base 16) to base 9.
-352
What is -30214 (base 9) in base 8?
-46622
-35213 (base 6) to base 7
-20502
Convert -11011011 (base 3) to base 11.
-2303
-a86 (base 11) to base 6
-10012
60867 (base 9) to base 11
28122
What is 1008 (base 9